1705 - -2a7?
-1409
In base 2, what is 111101011 - 10001100010010?
-10000100100111
In base 12, what is 806 - 38?
78a
In base 2, what is 1011111001011010100 - -100?
1011111001011011000
In base 8, what is -663704 - -1?
-663703
In base 9, what is -5433 - -5?
-5427
In base 9, what is -13 + 2082?
2068
In base 5, what is -3 + 411413?
411410
In base 5, what is -10 + 4322331?
4322321
In base 9, what is 7 - -8480?
8487
In base 2, what is -11101111 - -1010110001?
111000010
In base 14, what is -218 + -50d?
-727
In base 15, what is 21d1 - 3?
21cd
In base 3, what is 1101112100111 + 1?
1101112100112
In base 15, what is -5ed6 - -d?
-5ec8
In base 16, what is -910a - 5?
-910f
In base 4, what is 1 + -10301231?
-10301230
In base 14, what is -c1d3 + 5?
-c1cc
In base 15, what is -2 - 48b47?
-48b49
In base 4, what is -11231311303 - 2?
-11231311311
In base 8, what is 11225 - 112?
11113
In base 15, what is -4 + -70c4?
-70c8
In base 5, what is 33 + 2120131?
2120214
In base 5, what is 120430 + -4321?
111104
In base 10, what is 12 + 164659?
164671
In base 14, what is 0 - 19b47?
-19b47
In base 5, what is -232 + -13322200?
-13322432
In base 4, what is -3101102 + -1331?
-3103033
In base 14, what is 199 + -1d?
17a
In base 4, what is 1300 - 13212?
-11312
In base 16, what is 2e9 - 8?
2e1
In base 4, what is -1 - 133302120?
-133302121
In base 13, what is -10b0 + 5?
-10a8
In base 10, what is 80693 + 5?
80698
In base 14, what is 4 + -48c28?
-48c24
In base 8, what is -101 - -4564?
4463
In base 13, what is 7b + 10b?
189
In base 11, what is 336254 - -8?
336261
In base 16, what is beb + -2?
be9
In base 4, what is -11 - -1301220002?
1301213331
In base 14, what is b01 - a?
ad5
In base 16, what is -108 + -3bca?
-3cd2
In base 8, what is 3725561 + -2?
3725557
In base 6, what is 215314 - -13?
215331
In base 9, what is 11580 - -4?
11584
In base 9, what is 1163 - -388?
1562
In base 15, what is 34 - 3a52?
-3a1d
In base 9, what is 465 + 5?
471
In base 8, what is -1 - -704055?
704054
In base 2, what is 100 + 11100001100100001?
11100001100100101
In base 10, what is -190 - 300?
-490
In base 16, what is 13c + 53?
18f
In base 12, what is ba + -230?
-132
In base 6, what is 10221 + 245?
10510
In base 11, what is -2a502 + -1?
-2a503
In base 14, what is -9d248 - 3?
-9d24b
In base 3, what is -2011 + 1011121?
1002110
In base 10, what is 16 - -10173?
10189
In base 2, what is 1010000 + 1001010010111?
1001011100111
In base 9, what is -1 + -1548351?
-1548352
In base 7, what is -5 + -53366?
-53404
In base 2, what is 11 - 1001000100110001000?
-1001000100110000101
In base 5, what is 20 - -21410214?
21410234
In base 5, what is -100410 - 124?
-101034
In base 7, what is -31 - 4131?
-4162
In base 4, what is 10 - -3113210?
3113220
In base 5, what is 332431300 - 0?
332431300
In base 13, what is -5 + 1194a?
11945
In base 9, what is 7071 + -28?
7042
In base 2, what is 110110101 - 1101101011?
-110110110
In base 13, what is 1a92 - -9?
1a9b
In base 12, what is 474244 + 0?
474244
In base 14, what is 4c27b - 16?
4c265
In base 15, what is -2227e + 1?
-2227d
In base 15, what is -242 + -1e?
-261
In base 11, what is 20a48a5 - -4?
20a48a9
In base 10, what is -5 + 37486?
37481
In base 3, what is -2010111012 + -100?
-2010111112
In base 13, what is -20a7 + -45a?
-2534
In base 4, what is -1010 + 231001?
223331
In base 11, what is -3 + 6622?
661a
In base 12, what is 2 + -1533?
-1531
In base 13, what is -669 - -356?
-313
In base 9, what is 5183 + 774?
6067
In base 5, what is -3133 + -4311?
-12444
In base 6, what is 10 - 343431?
-343421
In base 4, what is 10 - -30313012?
30313022
In base 15, what is -9 + 11826?
1181c
In base 4, what is 1110 - -1003022?
1010132
In base 7, what is 3322 + 1?
3323
In base 6, what is 0 + 451530?
451530
In base 5, what is 10 + -2013104?
-2013044
In base 15, what is 12 - -2e92c?
2e93e
In base 4, what is 333 - -3330?
10323
In base 5, what is -2410 + 11202?
3242
In base 14, what is 3853 - -5a?
38ad
In base 6, what is -154043 + 2?
-154041
In base 2, what is 1110101111001100 - 101?
1110101111000111
In base 2, what is -101010100101111 + -10000100?
-101010110110011
In base 15, what is -5 - -1c472e?
1c4729
In base 8, what is 44 + -111?
-45
In base 2, what is -1010 - -100010110111011000?
100010110111001110
In base 16, what is -d - -ed0?
ec3
In base 14, what is -4 + -ad4a?
-ad50
In base 10, what is -293 - -51?
-242
In base 5, what is -240104230 - -4?
-240104221
In base 11, what is 2 - -49333?
49335
In base 9, what is -5 - -13578?
13573
In base 2, what is -10111101111000011010 - 0?
-10111101111000011010
In base 11, what is 2 + -55a0?
-5599
In base 4, what is 11012 - 302?
10110
In base 15, what is 10e9b + 4?
10ea0
In base 4, what is -10130311 + -31?
-10131002
In base 6, what is -12120 + 422?
-11254
In base 3, what is 0 - -1011201011200?
1011201011200
In base 4, what is 221 + 2311320?
2312201
In base 5, what is 12 - 43301?
-43234
In base 9, what is -28 - -14?
-14
In base 9, what is 4002 - -41?
4043
In base 14, what is -7057c - 0?
-7057c
In base 14, what is 12a8c8 + 2?
12a8ca
In base 3, what is -2 - 110111120?
-110111122
In base 12, what is -7b + -164?
-223
In base 3, what is -10210100 - 222?
-10211022
In base 14, what is 294 + 42?
2d6
In base 3, what is -10221 + -202012?
-220010
In base 2, what is -1 + 1100000101?
1100000100
In base 3, what is 2222120 - 12?
2222101
In base 15, what is 4 - -d5d?
d62
In base 10, what is -8 - -2388?
2380
In base 14, what is a + 18424?
18430
In base 16, what is -728 + f?
-719
In base 12, what is -1683 + 82?
-1601
In base 8, what is -22 + 663?
641
In base 10, what is -1 - 24289?
-24290
In base 3, what is 110 - -2021101?
2021211
In base 16, what is -2ac - 787?
-a33
In base 4, what is -10300022 + 323?
-10233033
In base 10, what is 73746 + 12?
73758
In base 8, what is -37 + -2154?
-2213
In base 16, what is 44 - 30c?
-2c8
In base 4, what is 222033 - 11122?
210311
In base 15, what is 1a - 862?
-847
In base 11, what is -27 - -9947?
9920
In base 10, what is 2 + -1710?
-1708
In base 7, what is -21256 + 5?
-21251
In base 5, what is 11142402 + 0?
11142402
In base 16, what is a5a + -11?
a49
In base 5, what is 3302 + -34224?
-30422
In base 4, what is 12 + 121001222?
121001300
In base 11, what is -1646 + 36?
-1610
In base 11, what is -13 - -63a12?
639aa
In base 6, what is 45441025 + 4?
45441033
In base 9, what is 170236 + 6?
170243
In base 8, what is 1 + 212042?
212043
In base 15, what is -3ab8 - 11?
-3ac9
In base 6, what is -123142123 + -4?
-123142131
In base 14, what is -a14999 + -3?
-a1499c
In base 7, what is 51 - -2434?
2515
In base 9, what is -1761 - 63?
-1834
In base 16, what is ce2 + -9?
cd9
In base 3, what is -12 - -20202120200?
20202120111
In base 4, what is -3 + -1210201?
-1210210
In base 3, what is -12110212 - -1?
-12110211
In base 10, what is 4 - -7220?
7224
In base 6, what is 1 + -422225?
-422224
In base 10, what is 4 - 4447?
-4443
In base 14, what is 20 - -72a2b?
72a4b
In base 3, what is -1102111222001 - -11?
-1102111221220
In base 15, what is -4 - 105e49?
-105e4d
In base 16, what is 4 + 9d93?
9d97
In base 16, what is 3fd + 4?
401
In base 13, what is -178 - -5a3?
428
In base 7, what is -4 - 55065?
-55102
In base 13, what is -6945 + 25?
-6920
In base 11, what is 2 + -21727?
-21725
In base 2, what is 110100 - -10001101?
11000001
In base 14, what is -210 + d5?
-119
In base 12, what is -57a2b3 - 0?
-57a2b3
In base 10, what is 25 + 3950?
3975
In base 15, what is -32b - ee?
-42a
In base 11, what is 2 - 2197?
-2195
In base 8, what is 12 + 4604?
4616
In base 14, what is 0 - -1b313?
1b313
In base 12, what is -3193a - -4?
-31936
In base 7, what is 34 + 11200?
11234
In base 2, what is 111111111111 + 11000101?
1000011000100
In base 11, what is -27409 - 26?
-27434
In base 11, what is 17a + 3705?
3884
In base 14, what is -8b + 103c?
d91
In base 3, what is -2001 - 221211?
-1000212
In base 6, what is 3 - -312114?
312121
In base 4, what is 2233203 + -3?
2233200
In base 10, what is -50 - -14887?
14837
In base 13, what is 60b5a + -2?
60b58
In base 16, what is -a14f - 17?
-a166
In base 6, what is -1335 + 25431?
24052
In base 14, what is -66 + 62a9?
6243
In base 14, what is 2 - -3b34?
3b36
In base 3, what is -12 - -10211?
10122
In base 10, what is 902519 - 1?
902518
In base 15, what is -2 + -2748c?
-2748e
In